{"id":4749,"date":"2021-01-25T14:48:18","date_gmt":"2021-01-25T13:48:18","guid":{"rendered":"https:\/\/www.wuestenrot.sk\/?p=4749"},"modified":"2021-01-25T14:48:18","modified_gmt":"2021-01-25T13:48:18","slug":"pocas-koronakrizy-vzrastli-obavy-z-dopadov-ochorenia-ci-praceneschopnosti","status":"publish","type":"tlacova-sprava","link":"https:\/\/www.wuestenrot.sk\/tlacova-sprava\/pocas-koronakrizy-vzrastli-obavy-z-dopadov-ochorenia-ci-praceneschopnosti\/","title":{"rendered":"Po\u010das koronakr\u00edzy vzr\u00e1stli obavy z dopadov ochorenia \u010di  pr\u00e1ceneschopnosti. V roku 2020 st\u00fapol  z\u00e1ujem o rizikov\u00e9 \u017eivotn\u00e9 poistenie o takmer tretinu"},"content":{"rendered":"<p><strong>Napriek v\u0161etk\u00fdm obmedzeniam v pandemickom roku 2020 v\u00fdznamne vzr\u00e1stol z\u00e1ujem o rizikov\u00e9 \u017eivotn\u00e9 poistenie. &nbsp;V porovnan\u00ed s predch\u00e1dzaj\u00facim rokom st\u00fapol v niektor\u00fdch pr\u00edpadoch aj o takmer tretinu. Pr\u00ed\u010dinou s\u00fa zv\u00fd\u0161en\u00e9 obavy \u010dasti spolo\u010dnosti z finan\u010dn\u00fdch dopadov ochorenia, hospitaliz\u00e1cie alebo pr\u00e1ceneschopnosti. &nbsp;&nbsp;<\/strong><\/p>\n<p><em>\u201eAk porovn\u00e1me \u010d\u00edsla za roky 2019 a 2020, tak evidujeme medziro\u010dn\u00fd n\u00e1rast z\u00e1ujmu pri rizikovom \u017eivotnom poisten\u00ed o takmer 30 %,\u201c&nbsp;<\/em>povedal Slavom\u00edr Kurjan, riadite\u013e \u00daseku podpory odbytu<em>&nbsp;<\/em>pois\u0165ovne W\u00fcstenrot.<\/p>\n<p>Pod\u013ea jeho slov, po \u017eivotn\u00fdch poistk\u00e1ch b\u00fdva vo v\u0161eobecnosti zv\u00fd\u0161en\u00fd dopyt najm\u00e4 v neist\u00fdch \u017eivotn\u00fdch obdobiach alebo pri negat\u00edvnych o\u010dak\u00e1vaniach v bl\u00edzkej bud\u00facnosti. Tie sprev\u00e1dzaj\u00fa aj pand\u00e9miu COVID-19. Pod\u010diarkuje to aj obdobie, kedy sa n\u00e1rast z\u00e1ujmu za\u010dal najv\u00fdraznej\u0161ie prejavova\u0165. Zv\u00fd\u0161en\u00fd dopyt toti\u017e pois\u0165ov\u0148a zaznamenala kr\u00e1tko po n\u00e1stupe druhej vlny pand\u00e9mie na Slovensku.<\/p>\n<p><em>\u201eV r\u00e1mci rizikov\u00fdch \u017eivotn\u00fdch poistiek nie s\u00fa klienti poisten\u00ed &nbsp;len pre pr\u00edpad \u00famrtia. S\u00fa\u010das\u0165ou je poistenie napr\u00edklad denn\u00fdch d\u00e1vok, teda pr\u00edjmu po\u010das pracovnej neschopnosti &nbsp;alebo hospitaliz\u00e1cie,\u201c&nbsp;<\/em>uzatv\u00e1ra Slavom\u00edr Kurjan.<\/p>\n<p>\n\t\n<\/p>\n<p>\n\t\n<\/p>\n<p>\n\t<!--[if !vml]--><br \/>\n\t<!--[endif]-->Kontakt pre m\u00e9di\u00e1: Tom\u00e1\u0161 Feren\u010d\u00e1k, e-mail: <a href=\"mailto:media@wuestenrot.sk\">media@wuestenrot.sk<\/a>, +421 915 762 406<\/p>\n","protected":false},"featured_media":0,"template":"","acf":[],"_links":{"self":[{"href":"https:\/\/www.wuestenrot.sk\/api\/wp\/v2\/tlacova-sprava\/4749"}],"collection":[{"href":"https:\/\/www.wuestenrot.sk\/api\/wp\/v2\/tlacova-sprava"}],"about":[{"href":"https:\/\/www.wuestenrot.sk\/api\/wp\/v2\/types\/tlacova-sprava"}],"wp:attachment":[{"href":"https:\/\/www.wuestenrot.sk\/api\/wp\/v2\/media?parent=4749"}],"curies":[{"name":"wp","href":"https:\/\/api.w.org\/{rel}","templated":true}]}}

Počas koronakrízy vzrástli obavy z dopadov ochorenia či  práceneschopnosti. V roku 2020 stúpol  záujem o rizikové životné poistenie o takmer tretinu

<p><strong>Napriek všetkým obmedzeniam v pandemickom roku 2020 významne vzrástol záujem o rizikové životné poistenie. &nbsp;V porovnaní s predchádzajúcim rokom stúpol v niektorých prípadoch aj o takmer tretinu. Príčinou sú zvýšené obavy časti spoločnosti z finančných dopadov ochorenia, hospitalizácie alebo práceneschopnosti. &nbsp;&nbsp;</strong></p>
<p><em>„Ak porovnáme čísla za roky 2019 a 2020, tak evidujeme medziročný nárast záujmu pri rizikovom životnom poistení o takmer 30 %,“&nbsp;</em>povedal Slavomír Kurjan, riaditeľ Úseku podpory odbytu<em>&nbsp;</em>poisťovne Wüstenrot.</p>
<p>Podľa jeho slov, po životných poistkách býva vo všeobecnosti zvýšený dopyt najmä v neistých životných obdobiach alebo pri negatívnych očakávaniach v blízkej budúcnosti. Tie sprevádzajú aj pandémiu COVID-19. Podčiarkuje to aj obdobie, kedy sa nárast záujmu začal najvýraznejšie prejavovať. Zvýšený dopyt totiž poisťovňa zaznamenala krátko po nástupe druhej vlny pandémie na Slovensku.</p>
<p><em>„V rámci rizikových životných poistiek nie sú klienti poistení &nbsp;len pre prípad úmrtia. Súčasťou je poistenie napríklad denných dávok, teda príjmu počas pracovnej neschopnosti &nbsp;alebo hospitalizácie,“&nbsp;</em>uzatvára Slavomír Kurjan.</p>
<p>
	
</p>
<p>
	
</p>
<p>
	<!--[if !vml]--><br />
	<!--[endif]-->Kontakt pre médiá: Tomáš Ferenčák, e-mail: <a href="mailto:media@wuestenrot.sk">media@wuestenrot.sk</a>, +421 915 762 406</p>
