{"id":4761,"date":"2021-06-22T09:09:46","date_gmt":"2021-06-22T07:09:46","guid":{"rendered":"https:\/\/www.wuestenrot.sk\/?p=4761"},"modified":"2021-06-22T09:09:46","modified_gmt":"2021-06-22T07:09:46","slug":"prve-mesiace-2021-vzrastol-pocet-susedskych-sporov","status":"publish","type":"tlacova-sprava","link":"https:\/\/www.wuestenrot.sk\/tlacova-sprava\/prve-mesiace-2021-vzrastol-pocet-susedskych-sporov\/","title":{"rendered":"Prv\u00e9 mesiace 2021 vzr\u00e1stol po\u010det susedsk\u00fdch sporov"},"content":{"rendered":"<p align=\"center\"><strong>Okrem \u0161tandardn\u00fdch tren\u00edc pr\u00e1vnici rie\u0161ili aj hromadenie odpadu na s\u00fakromnom pozemku<\/strong><\/p>\n<p><strong>&nbsp;<\/strong><\/p>\n<p><strong>&nbsp;<\/strong><\/p>\n<p><strong>Za prv\u00fdch p\u00e4\u0165 mesiacov tohto roka pr\u00e1vnici rie\u0161ili takmer rovnak\u00e9 mno\u017estvo susedsk\u00fdch sporov ako za cel\u00fd rok 2020. Na\u010falej st\u00fapa aj po\u010det pracovnopr\u00e1vnych ot\u00e1zok. Pr\u00e1vnici hl\u00e1sia medziro\u010dn\u00e9 n\u00e1rasty o &nbsp;tretinu.&nbsp;<\/strong><strong>Vypl\u00fdva to zo \u0161tatist\u00edk poistenia pr\u00e1vnej ochrany spolo\u010dnosti W\u00fcstenrot.<\/strong><em><strong>&nbsp;<\/strong><\/em><\/p>\n<p><em>\u201ePo covidovom roku 2020 sa o\u010dividne k slovu hl\u00e1sia susedsk\u00e9 spory.<\/em><br \/>\n\t<em>Za p\u00e4\u0165 mesiacov roka 2021 sme dokonca zaznamenali tak\u00e9 mno\u017estvo susedsk\u00fdch sporov ako za cel\u00fdch dvan\u00e1s\u0165 mesiacov po\u010das minul\u00e9ho roka,\u201c&nbsp;<\/em>podot\u00fdka JUDr. Zuzana \u0160tef\u00e1nikov\u00e1, ved\u00faca Oddelenia likvid\u00e1cie pr\u00e1vnej ochrany pois\u0165ovne W\u00fcstenrot.<\/p>\n<p>Okrem \u0161tandardn\u00fdch sporov tento rok pr\u00e1vnici W\u00fcstenrot v menej svojich klientov rie\u0161ili aj viacer\u00e9 kuri\u00f3zne pr\u00edpady, ktor\u00e9 prerastaj\u00fa rovinu klasick\u00fdm susedsk\u00fdch tren\u00edc.<\/p>\n<p><em>\u201eKlient sa na n\u00e1s obr\u00e1til s vyslovene nezvy\u010dajn\u00fdm pr\u00edpadom. Jeho bezprostredn\u00fd sused chodil po nociach vybera\u0165 odpad z ko\u0161ov a ukladal ho na svoj pozemok. Svoju \u010dinnos\u0165 zd\u00f4vod\u0148oval zabezpe\u010den\u00edm spr\u00e1vneho triedenia a likvid\u00e1cie odpadu. Faktom v\u0161ak zost\u00e1valo, \u017ee s odpadom ni\u010d nerobil, len ho u seba skladoval,\u201c&nbsp;<\/em>pokra\u010duje Zuzana \u0160tef\u00e1nikov\u00e1.<\/p>\n<p>Pr\u00e1vnici pois\u0165ovne W\u00fcstenrot situ\u00e1ciu rie\u0161ili prostredn\u00edctvom pr\u00edslu\u0161nej samospr\u00e1vy a okresn\u00e9ho \u00faradu. Do pr\u00edpadu sa nakoniec zapojila aj pol\u00edcia \u010di hasi\u010di. V s\u00fa\u010dasnosti okresn\u00fd \u00farad pr\u00edpad vr\u00e1til mestu, ktor\u00e9 susedovi klienta ulo\u017e\u00ed pokutu a povinnos\u0165 zabezpe\u010di\u0165 na vlastn\u00e9 n\u00e1klady odstr\u00e1nenie odpadu.<\/p>\n<p><strong>&nbsp;<\/strong><\/p>\n<p>V porovnan\u00ed s minul\u00fd rokom vzr\u00e1stol aj po\u010det pracovnopr\u00e1vnych konzult\u00e1ci\u00ed \u010di priamo sporov, s ktor\u00fdmi sa na pois\u0165ov\u0148u obr\u00e1tili klienti. Medziro\u010dn\u00fd n\u00e1rast predstavuje presn\u00fa tretinu. Pritom u\u017e v roku 2020 sa Slov\u00e1ci na pr\u00e1vnikov naj\u010dastej\u0161ie obracali pr\u00e1ve v pracovnopr\u00e1vnych &nbsp;z\u00e1le\u017eitostiach. K\u00fdm v roku 2019 konzult\u00e1cie s\u00favisiace so zamestnan\u00edm predstavovali pribli\u017ene osem percent v\u0161etk\u00fdch nahl\u00e1sen\u00fdch sporov, v roku 2020 to bolo u\u017e sedemn\u00e1s\u0165 percent.&nbsp;<\/p>\n<p>\n\t\n<\/p>\n<p>\n\t\n<\/p>\n<p>Kontakt pre m\u00e9di\u00e1: Tom\u00e1\u0161 Feren\u010d\u00e1k, e-mail: <a href=\"mailto:media@wuestenrot.sk\">media@wuestenrot.sk<\/a>, +421 915 762 406<\/p>\n","protected":false},"featured_media":0,"template":"","acf":[],"_links":{"self":[{"href":"https:\/\/www.wuestenrot.sk\/api\/wp\/v2\/tlacova-sprava\/4761"}],"collection":[{"href":"https:\/\/www.wuestenrot.sk\/api\/wp\/v2\/tlacova-sprava"}],"about":[{"href":"https:\/\/www.wuestenrot.sk\/api\/wp\/v2\/types\/tlacova-sprava"}],"wp:attachment":[{"href":"https:\/\/www.wuestenrot.sk\/api\/wp\/v2\/media?parent=4761"}],"curies":[{"name":"wp","href":"https:\/\/api.w.org\/{rel}","templated":true}]}}

Prvé mesiace 2021 vzrástol počet susedských sporov

<p align="center"><strong>Okrem štandardných treníc právnici riešili aj hromadenie odpadu na súkromnom pozemku</strong></p>
<p><strong>&nbsp;</strong></p>
<p><strong>&nbsp;</strong></p>
<p><strong>Za prvých päť mesiacov tohto roka právnici riešili takmer rovnaké množstvo susedských sporov ako za celý rok 2020. Naďalej stúpa aj počet pracovnoprávnych otázok. Právnici hlásia medziročné nárasty o &nbsp;tretinu.&nbsp;</strong><strong>Vyplýva to zo štatistík poistenia právnej ochrany spoločnosti Wüstenrot.</strong><em><strong>&nbsp;</strong></em></p>
<p><em>„Po covidovom roku 2020 sa očividne k slovu hlásia susedské spory.</em><br />
	<em>Za päť mesiacov roka 2021 sme dokonca zaznamenali také množstvo susedských sporov ako za celých dvanásť mesiacov počas minulého roka,“&nbsp;</em>podotýka JUDr. Zuzana Štefániková, vedúca Oddelenia likvidácie právnej ochrany poisťovne Wüstenrot.</p>
<p>Okrem štandardných sporov tento rok právnici Wüstenrot v menej svojich klientov riešili aj viaceré kuriózne prípady, ktoré prerastajú rovinu klasickým susedských treníc.</p>
<p><em>„Klient sa na nás obrátil s vyslovene nezvyčajným prípadom. Jeho bezprostredný sused chodil po nociach vyberať odpad z košov a ukladal ho na svoj pozemok. Svoju činnosť zdôvodňoval zabezpečením správneho triedenia a likvidácie odpadu. Faktom však zostávalo, že s odpadom nič nerobil, len ho u seba skladoval,“&nbsp;</em>pokračuje Zuzana Štefániková.</p>
<p>Právnici poisťovne Wüstenrot situáciu riešili prostredníctvom príslušnej samosprávy a okresného úradu. Do prípadu sa nakoniec zapojila aj polícia či hasiči. V súčasnosti okresný úrad prípad vrátil mestu, ktoré susedovi klienta uloží pokutu a povinnosť zabezpečiť na vlastné náklady odstránenie odpadu.</p>
<p><strong>&nbsp;</strong></p>
<p>V porovnaní s minulý rokom vzrástol aj počet pracovnoprávnych konzultácií či priamo sporov, s ktorými sa na poisťovňu obrátili klienti. Medziročný nárast predstavuje presnú tretinu. Pritom už v roku 2020 sa Slováci na právnikov najčastejšie obracali práve v pracovnoprávnych &nbsp;záležitostiach. Kým v roku 2019 konzultácie súvisiace so zamestnaním predstavovali približne osem percent všetkých nahlásených sporov, v roku 2020 to bolo už sedemnásť percent.&nbsp;</p>
<p>
	
</p>
<p>
	
</p>
<p>Kontakt pre médiá: Tomáš Ferenčák, e-mail: <a href="mailto:media@wuestenrot.sk">media@wuestenrot.sk</a>, +421 915 762 406</p>
